common divisor of 1462 and 73702.
86
What is the greatest common divisor of 1340104 and 254?
254
Calculate the greatest common factor of 8798970 and 333.
111
What is the greatest common divisor of 592 and 2627?
37
Calculate the highest common divisor of 90 and 41787.
9
What is the greatest common factor of 5854 and 10?
2
Calculate the greatest common factor of 5726 and 567.
7
What is the greatest common divisor of 56850 and 1750?
50
Calculate the highest common divisor of 737 and 2676047.
737
What is the highest common divisor of 23989 and 826?
7
Calculate the highest common divisor of 190 and 113962.
38
Calculate the greatest common factor of 354 and 3291492.
354
What is the greatest common factor of 9904 and 340?
4
Calculate the greatest common divisor of 8900 and 1691.
89
What is the greatest common factor of 140060 and 44402?
298
Calculate the greatest common divisor of 616 and 859474.
154
What is the greatest common divisor of 4794 and 1551?
141
Calculate the greatest common divisor of 1550 and 205.
5
What is the greatest common factor of 160632 and 117?
9
Calculate the highest common factor of 144956 and 7378.
434
Calculate the highest common divisor of 47994 and 10374.
114
Calculate the greatest common divisor of 3249 and 683373.
1083
What is the highest common factor of 411796 and 784?
196
Calculate the greatest common divisor of 1771340 and 20.
20
Calculate the highest common factor of 286376 and 112.
8
What is the highest common factor of 585 and 32985?
45
Calculate the highest common divisor of 726 and 13486.
22
Calculate the greatest common factor of 7942636 and 458.
458
What is the highest common factor of 1478 and 2500037?
739
What is the highest common factor of 1079 and 242609?
83
What is the highest common factor of 10 and 27616?
2
Calculate the greatest common divisor of 1009577 and 3369.
1123
Calculate the highest common divisor of 1422 and 29072.
158
What is the highest common divisor of 1480473 and 813?
813
What is the greatest common divisor of 12 and 148020?
12
What is the highest common factor of 37054 and 4966?
382
Calculate the greatest common divisor of 258 and 215043.
129
What is the greatest common factor of 10884 and 30?
6
What is the greatest common divisor of 9948 and 60?
12
Calculate the highest common factor of 111690 and 79815.
255
What is the greatest common factor of 1293 and 502115?
431
Calculate the greatest common factor of 25528 and 40.
8
Calculate the greatest common divisor of 6 and 531654.
6
Calculate the greatest common divisor of 14 and 959.
7
What is the highest common divisor of 155916 and 355?
71
What is the greatest common factor of 30325 and 10?
5
What is the highest common divisor of 336 and 161280?
336
What is the greatest common factor of 40145 and 185?
185
What is the greatest common divisor of 12558 and 1603836?
1794
What is the greatest common factor of 78 and 279006?
78
Calculate the greatest common factor of 233 and 119296.
233
What is the greatest common factor of 578 and 7548?
34
Calculate the greatest common factor of 9280 and 2112.
64
Calculate the highest common factor of 324400 and 225.
25
Calculate the highest common factor of 1616013 and 63.
63
Calculate the greatest common factor of 5 and 28110.
5
Calculate the greatest common divisor of 468 and 38142.
234
What is the greatest common factor of 45108 and 1148?
28
Calculate the greatest common divisor of 23 and 65113.
23
Calculate the greatest common divisor of 190295 and 35.
35
What is the highest common factor of 19740 and 2660?
140
Calculate the highest common divisor of 113511 and 5061.
723
What is the greatest common factor of 280 and 416520?
40
Calculate the highest common factor of 78334 and 63554.
1478
What is the highest common factor of 1206 and 45426?
402
What is the highest common factor of 112 and 2198?
14
What is the highest common factor of 223 and 2980841?
223
What is the highest common divisor of 60799 and 17904?
373
What is the highest common divisor of 285 and 84569?
19
What is the highest common factor of 268192 and 580?
116
Calculate the highest common factor of 67 and 103.
1
Calculate the highest common factor of 4761 and 138.
69
Calculate the highest common divisor of 9690 and 4335.
255
What is the highest common factor of 143 and 53?
1
Calculate the greatest common factor of 105854 and 70.
14
Calculate the greatest common divisor of 713181 and 42.
21
Calculate the greatest common divisor of 1275 and 3675.
75
Calculate the greatest common factor of 1707 and 6.
3
Calculate the highest common factor of 61920 and 585.
45
Calculate the highest common factor of 4783010 and 610.
610
Calculate the greatest common divisor of 7718 and 8399.
227
Calculate the highest common factor of 46522 and 4396.
14
Calculate the highest common factor of 251216 and 48.
16
What is the highest common divisor of 68 and 348952?
4
Calculate the highest common factor of 25591 and 314.
157
What is the highest common divisor of 1591 and 13357?
37
Calculate the highest common divisor of 28 and 948388.
28
What is the highest common factor of 2040 and 3240?
120
Calculate the highest common divisor of 12958 and 1054.
62
What is the highest common divisor of 7692 and 1416?
12
Calculate the highest common factor of 5117 and 77.
7
What is the greatest common divisor of 620 and 4996580?
620
Calculate the greatest common factor of 47190 and 780.
390
Calculate the highest common factor of 147900 and 48.
12
Calculate the highest common divisor of 57040 and 4048.
368
Calculate the greatest common factor of 204 and 6144.
12
Calculate the highest common factor of 309 and 412927.
103
Calculate the highest common factor of 712810 and 238.
238
What is the highest common divisor of 330 and 33630?
30
Calculate the highest common divisor of 15 and 310395.
15
Calculate the greatest common factor of 1778 and 14182.
14
What is the greatest common divisor of 21 and 114919?
7
Calculate the greatest common factor of 44022 and 184.
46
Calculate the highest common factor of 8896 and 9344.
64
Calculate the greatest common divisor of 1050 and 2016.
42
Calculate the highest common factor of 1365 and 5610.
15
Calculate the greatest common divisor of 2674 and 19143166.
2674
What is the greatest common divisor of 33496 and 11376?
632
What is the highest common factor of 20670 and 520?
130
Calculate the greatest common factor of 138 and 7222.
46
What is the highest common divisor of 10403 and 1919?
101
What is the highest common divisor of 1685 and 39766?
337
Calculate the highest common divisor of 675 and 218100.
75
Calculate the greatest common divisor of 4 and 190028.
4
What is the greatest common divisor of 27951 and 28?
7
Calculate the greatest common factor of 1544 and 408.
8
What is the greatest common factor of 13263293 and 1486?
743
What is the highest common factor of 357 and 38794?
119
Calculate the highest common divisor of 609 and 12117.
21
Calculate the greatest common divisor of 370 and 661190.
370
What is the greatest common divisor of 210 and 10990?
70
Calculate the highest common factor of 22764 and 840.
84
What is the greatest common divisor of 689271 and 33?
33
What is the greatest common factor of 16935 and 25?
5
What is the highest common divisor of 2652509 and 5276?
1319
Calculate the highest common factor of 78758 and 106.
106
What is the greatest common divisor of 66011 and 187?
187
What is the greatest common factor of 132850 and 100?
50
What is the greatest common factor of 10373 and 82?
41
What is the highest common factor of 713 and 3166433?
713
Calculate the greatest common divisor of 70122 and 15314.
806
What is the greatest common factor of 110266 and 832?
26
What is the highest common factor of 4081 and 1408?
11
What is the greatest common factor of 476 and 129234?
238
Calculate the greatest common divisor of 4692 and 2208.
276
What is the greatest common factor of 1447514 and 444?
74
Calculate the highest common divisor of 29388 and 22072.
124
What is the highest common divisor of 68 and 2161856?
68
Calculate the greatest common divisor of 9717 and 23616.
123
What is the highest common factor of 274 and 107134?
274
Calculate the highest common factor of 190 and 215830.
10
Calculate the greatest common divisor of 32448 and 520.
104
Ca